 of 27456074?
2, 13728037
What are the prime factors of 1687760782?
2, 17, 223, 222601
What are the prime factors of 229819547?
229819547
What are the prime factors of 913578249?
3, 17, 17913299
What are the prime factors of 192237349?
233, 3541
List the prime factors of 5166312219.
3, 373, 512989
What are the prime factors of 215182164?
2, 3, 1033, 17359
List the prime factors of 1382744987.
13, 31, 263933
List the prime factors of 235376171.
235376171
List the prime factors of 1192989299.
1192989299
List the prime factors of 20622067.
20622067
What are the prime factors of 68195643?
3, 22731881
List the prime factors of 5087509217.
7, 19, 38251949
What are the prime factors of 2667785904?
2, 3, 7, 2646613
List the prime factors of 3302090093.
331, 9976103
What are the prime factors of 105683724?
2, 3, 751, 1303
What are the prime factors of 773972664?
2, 3, 1619, 19919
What are the prime factors of 44169314?
2, 7, 751, 4201
List the prime factors of 4544316410.
2, 5, 17, 26731273
What are the prime factors of 41926597?
19, 2206663
What are the prime factors of 85289798?
2, 11, 439, 8831
What are the prime factors of 6268732618?
2, 3134366309
What are the prime factors of 14760153?
3, 1640017
List the prime factors of 3989301.
3, 1329767
What are the prime factors of 299545532?
2, 11, 13, 523681
What are the prime factors of 626564782?
2, 43, 599, 12163
What are the prime factors of 37054914?
2, 3, 13, 271, 1753
List the prime factors of 142357005.
3, 5, 7, 23, 401
List the prime factors of 106386433.
37, 1049, 2741
What are the prime factors of 748123014?
2, 3, 124687169
List the prime factors of 2151980331.
3, 7919, 90583
List the prime factors of 38569162.
2, 251, 76831
What are the prime factors of 2023764836?
2, 505941209
What are the prime factors of 61478061?
3, 67, 305861
List the prime factors of 2393276713.
2393276713
What are the prime factors of 8801086?
2, 7, 31, 2897
What are the prime factors of 92299518?
2, 3, 29, 176819
List the prime factors of 64302520.
2, 5, 1607563
What are the prime factors of 87771459?
3, 17, 1721009
What are the prime factors of 4641749128?
2, 61, 307, 30983
List the prime factors of 1346005222.
2, 673002611
List the prime factors of 28961771.
83, 348937
List the prime factors of 12298029.
3, 1511, 2713
List the prime factors of 139503644.
2, 7, 4982273
List the prime factors of 1250799840.
2, 3, 5, 139, 2083
What are the prime factors of 2667729582?
2, 3, 7, 21172457
What are the prime factors of 292252949?
89, 97, 349
List the prime factors of 17863432.
2, 2232929
What are the prime factors of 39096736?
2, 7, 17, 10267
List the prime factors of 231937888.
2, 7, 13, 23, 3463
List the prime factors of 4940030677.
107, 46168511
List the prime factors of 301729127.
7, 41, 59, 103, 173
List the prime factors of 23049150.
2, 3, 5, 37, 4153
What are the prime factors of 83961728?
2, 29, 22619
What are the prime factors of 805792405?
5, 11, 29, 557, 907
List the prime factors of 225390769.
225390769
List the prime factors of 245002213.
421, 581953
List the prime factors of 1631210524.
2, 59, 193, 607
What are the prime factors of 142050656?
2, 11, 403553
What are the prime factors of 1155603099?
3, 7, 23, 127, 18839
List the prime factors of 576343468.
2, 73, 1973779
What are the prime factors of 12490528?
2, 109, 3581
List the prime factors of 713838332.
2, 178459583
What are the prime factors of 3348219917?
7, 23, 71, 83, 3529
What are the prime factors of 2136657379?
2136657379
List the prime factors of 2444808913.
17, 143812289
List the prime factors of 56219560.
2, 5, 79, 17791
What are the prime factors of 115389452?
2, 2137, 13499
What are the prime factors of 99386885?
5, 13, 1529029
List the prime factors of 380883125.
5, 7, 12437
What are the prime factors of 363423500?
2, 5, 11, 6007
List the prime factors of 34530709.
34530709
List the prime factors of 619102696.
2, 211, 353, 1039
What are the prime factors of 1032613922?
2, 311, 797, 2083
List the prime factors of 2102684991.
3, 11, 29, 2197163
List the prime factors of 76202305.
5, 157, 97073
What are the prime factors of 144374993?
7, 107, 192757
List the prime factors of 64207690.
2, 5, 6420769
What are the prime factors of 62611152?
2, 3, 23, 56713
List the prime factors of 869535619.
109, 2543, 3137
What are the prime factors of 26967386?
2, 1789, 7537
What are the prime factors of 24864706?
2, 1867, 6659
What are the prime factors of 258352742?
2, 129176371
List the prime factors of 1294268594.
2, 349, 557, 3329
What are the prime factors of 167873132?
2, 7, 19, 315551
List the prime factors of 31574865.
3, 5, 7, 17, 19
What are the prime factors of 680999502?
2, 3, 23, 4934779
List the prime factors of 27326215.
5, 7, 173, 4513
List the prime factors of 3188672.
2, 49823
List the prime factors of 7931591185.
5, 7, 61, 3715031
What are the prime factors of 73531403?
11, 6684673
What are the prime factors of 443987716?
2, 37, 151, 19867
List the prime factors of 843218022.
2, 3, 53, 2651629
What are the prime factors of 4752055525?
5, 7, 53, 1381
List the prime factors of 857670.
2, 3, 5, 11, 23, 113
What are the prime factors of 42885955?
5, 7, 997, 1229
What are the prime factors of 59457004?
2, 19, 782329
List the prime factors of 137169931.
97, 1414123
What are the prime factors of 561057851?
17, 43, 767521
What are the prime factors of 523964843?
19, 27577097
List the prime factors of 180706309.
7, 53, 487079
List the prime factors of 755293780.
2, 5, 23, 173, 9491
What are the prime factors of 17088051?
3, 5696017
What are the prime factors of 167882057?
7, 3413, 7027
List the prime factors of 537747288.
2, 3, 13, 347, 4967
List the prime factors of 2134487485.
5, 13, 31, 1059299
List the prime factors of 142800309.
3, 15866701
What are the prime factors of 1135607691?
3, 131, 2889587
List the prime factors of 188266521.
3, 29, 2163983
What are the prime factors of 54967244?
2, 43, 319577
List the prime factors of 880805730.
2, 3, 5, 7, 181, 23173
What are the prime factors of 6524927941?
7, 59, 479, 32983
List the prime factors of 386257789.
14759, 26171
List the prime factors of 371249047.
13, 53, 538823
List the prime factors of 252234356.
2, 11, 5732599
What are the prime factors of 3634097115?
3, 5, 11, 41, 537191
List the prime factors of 64510767.
3, 17, 421639
List the prime factors of 3159867.
3, 653, 1613
List the prime factors of 39974812.
2, 9993703
List the prime factors of 1912509350.
2, 5, 17, 31, 181, 401
What are the prime factors of 42554583?
3, 4728287
What are the prime factors of 648074404?
2, 23, 523, 13469
What are the prime factors of 189936573?
3, 29, 71, 97, 317
List the prime factors of 309577154.
2, 154788577
What are the prime factors of 156437507?
19, 251, 32803
What are the prime factors of 850852635?
3, 5, 17, 3336677
List the prime factors of 2829866492.
2, 707466623
List the prime factors of 124929747.
3, 41, 338563
List the prime factors of 604617538.
2, 7, 263, 164209
List the prime factors of 395826114.
2, 3, 3217, 20507
What are the prime factors of 277824792?
2, 3, 7, 443, 3733
What are the prime factors of 49592073?
3, 739, 22369
What are the prime factors of 46857247?
53, 109, 8111
List the prime factors of 88560303.
3, 13, 2270777
What are the prime factors of 386198579?
13, 19, 1213, 1289
What are the prime factors of 983631792?
2, 3, 11, 13, 47, 3049
List the prime factors of 445592999.
7507, 59357
List the prime factors of 27463526.
2, 13731763
List the prime factors of 174166494.
2, 3, 31, 936379
What are the prime factors of 1230504323?
8641, 142403
List the prime factors of 3167447.
1069, 2963
What are the prime factors of 473479367?
10837, 43691
What are the prime factors of 439111280?
2, 5, 19, 31, 9319
List the prime factors of 631107748.
2, 157776937
What are the prime factors of 6531608556?
2, 3, 11, 17, 29401
What are the prime factors of 738137?
29, 25453
What are the prime factors of 83010276?
2, 3, 659, 3499
List the prime factors of 132391627.
719, 184133
What are the prime factors of 846869924?
2, 41, 829, 6229
List the prime factors of 80647163.
67, 1203689
What are the prime factors of 506269616?
2, 43, 487, 1511
List the prime factors of 1845453434.
2, 11, 83884247
Wha